
Let s = -8 - -12. Suppose q - s = -q. What is the greatest common divisor of q and 3?
1
Let h = -11 - -26. Let k = h + -14. Calculate the highest common factor of k and 8.
1
Suppose 24 = j + 2. Let a be 3 + (-4)/(8/22). Let x(u) = -8*u - 9. Let o be x(a). What is the greatest common factor of o and j?
11
Suppose 3*p - 60 = -2*x, 3*p = -p + 3*x + 63. Suppose 3*s + m = p - 2, 2*m = -4*s + 18. What is the greatest common divisor of s and 1?
1
Let k be (-3)/(-5) - 1440/(-100). Calculate the greatest common divisor of k and 15.
15
Suppose 0 = -2*p - r + 16, -18 = -p - r - 2*r. What is the greatest common factor of p and 96?
6
Let b(w) = w**3 - 3*w**2 - w + 2. Let q be b(3). Let k be (-9)/(-3) - (1 - q). Suppose 0 = -3*m - m + 44. Calculate the greatest common factor of k and m.
1
Let o be 15/(-10)*8/(-3). Suppose -5 = -j + 3*b, j + 0 = -o*b - 2. What is the highest common divisor of j and 4?
2
Let n = -3 - -3. Suppose -z + n*z + 16 = 0. Calculate the greatest common divisor of 8 and z.
8
Suppose -5*a - 3 = 22. Let x = 1 - a. What is the highest common factor of 54 and x?
6
Let k = 1172 + -296. Let i be k/10 - 6/(-15). What is the highest common factor of i and 8?
8
Suppose 6*k + 35 = 131. What is the greatest common factor of k and 20?
4
Let s(y) = -5*y. Suppose 2*f = -2*f - 16. Let x be s(f). What is the highest common divisor of x and 5?
5
Let d(k) = k**2 - 10*k - 4. Let m(a) = 2*a**2 - 20*a - 8. Let u(t) = 11*d(t) - 6*m(t). Let o be u(9). What is the highest common divisor of o and 117?
13
Suppose 2*v - i - 47 = 0, -3*v + 2*i = -i - 63. Calculate the highest common factor of 26 and v.
26
Let m(h) = h**3 - 11*h**2 - 9*h. Let y be m(12). What is the greatest common factor of y and 90?
18
Let a be (61 - 5) + -1 + -1. What is the highest common divisor of 6 and a?
6
Let d(a) = -310*a + 1 - 111*a - 534*a. Let g be d(-1). Let u be g/16 + (-1)/(-4). What is the highest common factor of 24 and u?
12
Suppose -3*o + q = 2, 3*o + 3*q = 4*o + 14. Let a be o/(1*2/182). Calculate the greatest common divisor of a and 13.
13
Suppose 0*z - 24 = -2*z. Let u be (8/z)/(4/6). Let i be ((-6)/(-4))/(15/10). What is the highest common factor of i and u?
1
Let o = 43 + -23. Suppose o = 8*a - 4*a. Calculate the highest common factor of a and 45.
5
Suppose -6 = 4*y - 90. Suppose k + 70 = -0*q - 4*q, -3*k = -6. Let l be q/(-4)*462/9. Calculate the highest common divisor of l and y.
21
Suppose 0 = -5*n + 3*j + 42, 34 = 3*n + j - 5*j. What is the highest common divisor of 54 and n?
6
Suppose 3*j - 2*g - 2 = 39, 0 = -2*j + 4*g + 38. Calculate the greatest common factor of 77 and j.
11
Suppose 5*c = -3*y + 141, -63 = -5*c + 4*y + 64. What is the greatest common divisor of 45 and c?
9
Suppose -d + 64 = d. Let t = -7 + 9. Let h be 2*1/(1/t). What is the greatest common factor of h and d?
4
Suppose z - 60 = -4*z. Suppose 3*x = 5*r + 34, -3*x + x = -2*r - 20. What is the highest common divisor of x and z?
4
Let y = -54 - -68. What is the greatest common divisor of y and 98?
14
Let l = 54 + -33. Calculate the highest common divisor of 231 and l.
21
Let d(c) = -3*c - 6. Let o be 2 + (-6 - 1/1). Let f be d(o). Let p(t) = 2*t**2 + 4*t + 2. Let h be p(5). Calculate the highest common divisor of f and h.
9
Let v = 3 + 19. Calculate the greatest common factor of v and 99.
11
Let x = 83 - 17. Suppose 4*z + 5*k - x = 76, -z = k - 36. Calculate the highest common divisor of 57 and z.
19
Let w(f) = -42*f**3 + f**2 - f - 2. Let d be w(-1). What is the greatest common factor of d and 28?
14
Let y be 26/(((-1)/1)/2). Let c be (-8)/y - (-2919)/39. What is the highest common factor of 30 and c?
15
Suppose 4*n + 14 = 90. Suppose 5*l - 158 = -t, 851 - 344 = 4*t - 5*l. Calculate the greatest common factor of n and t.
19
Suppose 8*d - 47 = 81. Calculate the greatest common factor of d and 16.
16
Suppose -43 = -3*x + 2*h, -3*h + 1 = -4*x + 60. Calculate the greatest common divisor of x and 11.
11
Suppose 2*h = 4*h - 14. Suppose 58 = 2*q - 54. Calculate the greatest common factor of h and q.
7
Suppose 0 = -5*o + 5*k + 260, 25 = 2*o - 3*k - 84. What is the greatest common divisor of o and 47?
47
Suppose 0 = 3*z - 4*z + 5. Suppose 5*j - 320 = -z*b, -5*b = 5*j - b - 319. Let f = 6 + 3. Calculate the greatest common factor of j and f.
9
Let a be 21 - (2 - (0 - -2)). Suppose 5*z = p - 3*p + 7, -3*z = -3*p + a. What is the greatest common divisor of p and 3?
3
Let a(i) = -i**3 + 9*i**2 - 6*i - 11. Let p be a(9). Let x = 15 - p. Calculate the greatest common divisor of 10 and x.
10
Suppose 40 = -0*v - 2*v. Let i = -10 - v. What is the greatest common divisor of i and 70?
10
Suppose -9*v = -10*v + 60. What is the greatest common factor of v and 15?
15
Let n(a) = 5*a**2 + a + 4. Let l = -6 + 10. Let d be n(l). Calculate the highest common divisor of 22 and d.
22
Let x(y) = -3*y + 18. Let d be x(-11). Calculate the highest common factor of d and 34.
17
Let o = -14 + 15. Calculate the greatest common divisor of o and 5.
1
Let p = 48 + -5. Suppose -5*j + 131 = -14. Let r = p - j. Calculate the greatest common factor of 154 and r.
14
Let d = 11 - 8. Suppose -20 = -4*w - 16. Let r be (-3 - -1)*w/(-2). Calculate the highest common factor of r and d.
1
Let s = 263 + -415. Let p = -42 - s. What is the greatest common factor of 10 and p?
10
Let u = 98 - 40. Let r be 611/7 + (-8)/28. Calculate the greatest common divisor of u and r.
29
Suppose 0*b - 75 = 3*b. Let w = -5 - b. Calculate the highest common divisor of w and 10.
10
Suppose -4*l = -k + 1, -4*k - 25 = -9*k. Suppose l = -3*j + 10. Suppose 10 + 44 = j*x. What is the highest common divisor of x and 45?
9
Let q = -3 + 12. Let y(u) = u**3 - 2*u**2 + 2*u + 5. Let t be y(4). What is the highest common factor of t and q?
9
Let v(o) = -2*o**3 - 4*o - 9. Let s be v(-5). What is the highest common divisor of s and 29?
29
Let f(t) = -5*t - 12. Let s be f(-4). What is the highest common divisor of s and 8?
8
Let b be 4*9 + 0/5. What is the greatest common factor of 6 and b?
6
Suppose 31 = 5*h + 2*y, -3*h + 37 = 2*h + 4*y. Suppose -3*g + 26 = h*p, 2*p + 24 = 2*g + 7*p. Let r be g*1*1/2. Calculate the highest common factor of 7 and r.
1
Suppose -2*p + 3*u = -47, -4*p = 3*u + u - 124. Calculate the greatest common divisor of p and 8.
4
Suppose 3*z + 4*m = 17, -2*z - 5*m = -3 - 6. Suppose z*q = 9*q - 12. Calculate the greatest common factor of q and 6.
6
Let k = -6 + 10. Let n(a) = -17*a - 1. Let o be n(-1). Calculate the highest common factor of o and k.
4
Let y be 4/14 - 280/(-49). Calculate the greatest common factor of 6 and y.
6
Let r(j) = 35*j**2 - j + 1. Let m = -22 + 12. Let f be (-12)/(-15) + (-2)/m. Let a be r(f). What is the greatest common factor of a and 7?
7
Let c be (16/12)/(4/6). Let a = 11 + -9. What is the highest common factor of a and c?
2
Let t(w) = w - 1. Let g be t(5). Let f = 2 + 10. Suppose -2*o + 5*o - f = 0. Calculate the greatest common factor of o and g.
4
Let y be (36/(-15))/((-3)/90). Calculate the highest common factor of y and 9.
9
Suppose 2*j = -3*r + 21 - 2, -4*r - j = -27. Calculate the highest common factor of r and 28.
7
Let k(h) = 10*h - 5. Suppose -t + 0 = -4. Let z be k(t). Suppose 4*n - 6 = 22. What is the greatest common divisor of z and n?
7
Suppose j + 2*m - 24 = 0, 3*j = 2*m - m + 58. What is the greatest common factor of j and 180?
20
Let b be 25*((-22)/(-10) - -1). Suppose -m = 2*m + 96. Let t be m/(1/2*-2). What is the greatest common divisor of t and b?
16
Let d(p) = -p - 1. Let i be d(-7). Let n(t) = -t**3 + 8*t**2 - 4*t + 7. Let q be n(i). Let u = 30 + -19. What is the greatest common divisor of u and q?
11
Let x(j) = -j**3 - 18*j**2 - 15*j + 36. Let f be x(-17). Calculate the highest common divisor of f and 2.
2
Let u = 325 + -149. Calculate the greatest common factor of 16 and u.
16
Suppose -5*j + 4 = -4*j. Calculate the greatest common factor of 12 and j.
4
Let i be 375/(-12) + 1/4. Let b(f) = 7*f - 1. Let j be b(-3). Let w = j - i. Calculate the greatest common factor of 3 and w.
3
Let j be 45/6 + 7/14. What is the highest common factor of 72 and j?
8
Let n(p) = -p**2 + p + 11. Let a be n(0). Suppose -6*u = -u. Let k = 11 + u. Calculate the highest common factor of k and a.
11
Let g(w) = 11*w**2 + 27*w + 14. Let m(h)